45) + (-430)/(-387)?
5
Let i(o) = o**3 + 3*o**2 - 9*o + 6. Let t be i(-5). What is the units digit of (5*-12)/(-2 + 2 - t)?
0
Let i(p) = -p**2 - 6*p + 3. Let h be i(-6). Suppose 2*n = -h*u + 25, -2*n + 0*u - 10 = -4*u. Suppose -116 = -n*t + 4. What is the tens digit of t?
2
Suppose 5*f - 5*b = 3485, -b + 2782 = 4*f - 3*b. What is the units digit of f?
4
Let r(y) = -y**2 + y + 32. Suppose -3*g + g = 0. Let s be r(g). Let q = s - 12. What is the tens digit of q?
2
Let d = 109 + 1192. What is the thousands digit of d?
1
Let a(w) be the third derivative of w**4/8 - 2*w**3 + 10*w**2. Let j(n) = n**2 + n - 4. Let l be j(3). What is the units digit of a(l)?
2
Suppose -4*r - l = -65, 4*l = 3*r + 8*l - 39. Let y be -1*(19*-1 - 1). Suppose r*k - y = 16*k. What is the units digit of k?
0
Suppose 7*l = 3*l - 116. Let y(g) = -2*g + 33. Let t be y(-11). Let b = l + t. What is the units digit of b?
6
Let j(d) = 2*d**2 - 13*d - 7. Let l be j(7). Suppose m = -l - 4. What is the units digit of (m - -3 - -3) + 34?
6
Suppose 3*c + 9*o - 6*o = 2394, -2*o = 8. What is the units digit of c?
2
What is the tens digit of 95/10*(4 + -2 - -50)?
9
Suppose 996 = 2*d - 3*l, 2*l = -3*d + 7*l + 1495. Suppose 10*p - 205 = d. What is the tens digit of p?
7
Let i = 9869 + -5568. What is the tens digit of i?
0
Let o be (120/36)/(4/6). Suppose o*x = -c - 44, -3*c + 0*x - 82 = 5*x. Let l = 36 + c. What is the units digit of l?
7
Suppose 2*s = -3*m + 24, -s + m + 15 = 4*m. Suppose 3*l - 3*y + s = 0, -3*y = -6 - 6. What is the tens digit of (-2 + l - -2)*22?
2
Let v(g) = g**3 - 23*g**2 + 25*g + 42. Suppose -2*b - r + 2*r = -44, -22 = -b - 5*r. What is the hundreds digit of v(b)?
1
Let d be 200/(-8) + ((-2)/1 - -3). What is the hundreds digit of (357 + -1)*2*(-6)/d?
1
Let p(h) = 41*h**2 + 5*h + 28. What is the tens digit of p(8)?
9
Suppose -2*q = 6*d - 2*d + 10, -q - 5 = -3*d. Suppose 2*u + 0*u = d. Suppose 2*v - 3*m - 71 = u, -2*m + 5*m - 97 = -4*v. What is the units digit of v?
8
Suppose 16*p = 13901 + 15459. What is the units digit of p?
5
Let u(w) = -882*w - 14. What is the hundreds digit of u(-4)?
5
What is the hundreds digit of 3 + -142*(-4)/((-8)/(-30))?
1
Let a be (-6)/(-2) + -1 - 2. Suppose 121 = w - 4*b, a = -4*w + 5*b - 31 + 559. Suppose -17 + w = 3*h. What is the units digit of h?
0
Suppose -9 = -u - q, 16 + 8 = 3*u + 2*q. Suppose -u*j + 65 = -103. What is the units digit of j?
8
Let v = -3172 - -4490. What is the thousands digit of v?
1
Let v be -2*2/(-6)*12/(-8). What is the tens digit of 8*v/(-12) + (-403)/(-3)?
3
Let y(c) = c**3 - 7*c**2 - 4*c + 6. Let b be y(9). Let g = b + -82. Let l = g + -20. What is the units digit of l?
0
Suppose -p - 3*h - 13 = 2*h, 1 = -p + h. What is the tens digit of p/(-9) - 1496/(-12)?
2
Suppose -3*w - 3*p + 5756 = -298, 0 = 3*w - p - 6046. Suppose 8*t + 0*t = w. What is the units digit of t?
2
Suppose 2*n - 7 - 3 = 0. Suppose k = -2*i - 0*i + 7, -2*k - n*i + 13 = 0. What is the units digit of k?
9
Let j(x) = x**2 - 6*x - 17. Let n be j(7). Suppose 0 = 3*h - h - 52. What is the units digit of h/10 + (-4)/n?
3
What is the thousands digit of (-2386280)/(-728) - 1/(-7)?
3
Suppose 4*w = -3 + 11. Suppose w*m = 4*m + 48. Let o = 9 - m. What is the tens digit of o?
3
What is the tens digit of (-168)/42 - 218*(-2 + 1)?
1
Let c(i) = -38*i + 0 + 1 + 78*i - 34*i. Let s be 3/1 + -1 + 1. What is the tens digit of c(s)?
1
Suppose -q + 0*q + 249 = 3*j, 5*q - 3*j - 1191 = 0. What is the units digit of q?
0
Let y = 34 + -50. Let t = y + 16. Suppose -m - 2*k - 14 = -87, 4*m - 5*k - 253 = t. What is the tens digit of m?
6
Let s be (3/(-2))/(-2 - (-3)/2). Suppose -2*m = -w - 2, 3*m - 4*m + s = 0. What is the units digit of w?
4
Suppose 3293 = 8*a + 357. What is the units digit of a?
7
Let q = 62 - 74. What is the units digit of 316/18*6 + q/(-18)?
6
Let o = -520 - -905. What is the units digit of o?
5
Let h(s) = -2274*s**3 - 3*s**2 - 11*s - 9. What is the hundreds digit of h(-1)?
2
What is the units digit of 44240/40 - (2 - 1)?
5
Let j = -9 - -19. Let m(i) = -128 + j*i**2 + i - 3*i + 126. What is the units digit of m(2)?
4
Let d = 384 - 311. What is the units digit of d?
3
Suppose -5*k + k = -12. Let v(z) = -z**3 + 2*z**2 + 5*z - 4. Let c be v(k). Suppose c*l + 7 = -3, -4*x = 5*l - 47. What is the tens digit of x?
1
Let u be -2 + 1 + (-2)/(-1). Let y be 10/((-4)/8*u). What is the units digit of (-4)/(-3)*(-2 - y)?
4
Let b(d) = 5*d**2 - 56*d + 23. Let s be b(19). Suppose -72*p - s = -76*p. What is the tens digit of p?
9
Let h = 126 + 114. Suppose 2*z + 240 = -3*a, -3*a + z - h = 5*z. Let i = 114 + a. What is the units digit of i?
4
Suppose 0 = 4*o + j - 1610, -32*j = -2*o - 30*j + 810. What is the units digit of o?
3
Suppose 5*d = -0*d - w - 41, 3*d + 23 = -w. What is the tens digit of ((-32)/6)/(1/d)?
4
Suppose -36315 = -29*u + 20*u. What is the units digit of u?
5
Let b(i) = -i**3 - 20*i**2 - 55*i - 22. What is the hundreds digit of b(-18)?
3
Let x(p) = 1. Let u(i) = -i**3 - 10*i**2 + 11*i - 1. Let s be u(-11). Let r(y) = y + 1. Let n(m) = s*r(m) + 3*x(m). What is the units digit of n(0)?
2
Let g = -307 + 2032. What is the tens digit of g?
2
Suppose -3*m = -2*b + 3931, -20*m = 4*b - 19*m - 7869. What is the tens digit of b?
6
Let j(w) = 387*w**3 + 3*w - 2. What is the units digit of j(1)?
8
Let k(o) = -o**2 + 27*o - 37. What is the hundreds digit of k(11)?
1
Let j be (-32)/((-4)/60*6/(-4)). Let n = -214 - j. What is the tens digit of n?
0
Let k = -2 - -2. Suppose 5*m - 13 - 122 = k. What is the units digit of m?
7
What is the tens digit of 4/(-14) + (-20636)/(-196)?
0
Suppose 0 = -g + 4*x + 17, 7 + 17 = 3*g - 3*x. Suppose -g*n = 2*s - 575, 3*n = 6*n - 3*s - 345. What is the hundreds digit of n?
1
Suppose -2*y + 2 + 6 = 0, -3*d - 20 = y. Let m(g) = g**2 + 7*g - 5. Let o be m(d). Suppose -28 = -o*s + 29. What is the units digit of s?
9
Suppose -5*l + 1005 = -250. What is the hundreds digit of l?
2
Suppose 0 = 6*l - 45 - 45. What is the hundreds digit of 10/5 + l/(-2)*-18?
1
Let w(z) = -z**3 + 17*z**2 + 17*z + 9. Let k be w(18). Let f(p) = p + 17. What is the units digit of f(k)?
8
Let l(s) = s**3 + 3*s**2 + 2*s + 2. Let u be l(-2). Suppose -u*i + 71 + 243 = 0. What is the tens digit of i?
5
What is the tens digit of (127 + 1)*(1615/(-20))/(-19)?
4
Let y be 2 + 2 + 2 + -1. Suppose y = -5*m - 0. Let g = 14 - m. What is the tens digit of g?
1
Suppose j = -h + 3, -4*h + j + 12 = -0*j. Suppose 4*i = -h*k - 26, -3*i + 2*k - 16 = 12. What is the units digit of 4/i - 130/(-4)?
2
Suppose -h = 5*s - 782, 5*h - 4*h = 2*s - 310. Let f = s + -33. What is the tens digit of f?
2
Let u(m) = -226*m - 49. What is the thousands digit of u(-7)?
1
What is the tens digit of 10872/84 + (-6)/14?
2
Suppose -76*p = -68*p - 3448. What is the hundreds digit of p?
4
Let q(k) = 46*k - 1. Let d be 54/15 + (-6)/10. Suppose -1 + d = 2*f. What is the units digit of q(f)?
5
What is the tens digit of ((-26)/(-8)*2)/((-2)/(-20))?
6
Let x = -49 - -537. Suppose 8*w + 0*w = x. What is the units digit of w?
1
Let b(f) = -2316*f + 65. What is the thousands digit of b(-1)?
2
What is the hundreds digit of (6/4)/(12/3928)?
4
Let o = -38 + 622. What is the hundreds digit of o?
5
Let t be 3/((-1)/(10/(-3))). Suppose -2*h + t = 3*h. Suppose 0 = -3*q - 9, 0 = -5*f - q - h*q + 176. What is the units digit of f?
7
Suppose -3*l + 6 = m, 0 = l - m - 2 - 0. Let q be l + -1 - 1/(-1). Suppose -4*u - q*k + 83 + 161 = 0, -3*u = -2*k - 169. What is the tens digit of u?
5
Let f be 9/15 + (-6)/10. Suppose 3*h + h = f, -4*h = 5*a - 20. Suppose 3*m - 4*l = a*m - 13, 3*m - 61 = -l. What is the units digit of m?
1
What is the units digit of ((-117)/18)/((-3)/108)?
4
Let f be 10/2 - (9 - 5). Suppose f = -2*r + 7. What is the tens digit of r/(-6) - (-172)/8?
2
Let g(d) = -d**2 - 3*d + 20. Let t be g(-5). Let h(w) = 6*w - 19. What is the units digit of h(t)?
1
Let w(a) = 124*a - 51. What is the tens digit of w(3)?
2
Let o be 6/7 - (-3)/21. Let f be (-3)/(20/(-8) + o). What is the units digit of f*9/(-6) + 11?
8
Suppose -2*n - 124 = 2*n. Let t = -12 - n. What is the units digit of t?
9
Suppose 87*i - 80487 = 60*i. What is the units digit of i?
1
Let k(g) = -g + 2 - 4*g + 2*g. Let j = 39 + -42. What is the tens digit of k(j)